{"id":2260,"date":"2022-12-22T13:13:21","date_gmt":"2022-12-22T13:13:21","guid":{"rendered":"https:\/\/create-test.website\/?page_id=2260"},"modified":"2023-02-23T10:29:08","modified_gmt":"2023-02-23T10:29:08","slug":"widerrufsrecht","status":"publish","type":"page","link":"https:\/\/www.kunstzumwohlf\u00fchlen.com\/?page_id=2260","title":{"rendered":"Widerrufsbelehrung und Formularwiederrufsrecht"},"content":{"rendered":"\t\t<div data-elementor-type=\"wp-page\" data-elementor-id=\"2260\" class=\"elementor elementor-2260\">\n\t\t\t\t\t\t<section class=\"elementor-section elementor-top-section elementor-element elementor-element-45ce2ca elementor-section-boxed elementor-section-height-default elementor-section-height-default\" data-id=\"45ce2ca\" data-element_type=\"section\">\n\t\t\t\t\t\t<div class=\"elementor-container elementor-column-gap-default\">\n\t\t\t\t\t<div class=\"elementor-column elementor-col-100 elementor-top-column elementor-element elementor-element-0e3d88f\" data-id=\"0e3d88f\" data-element_type=\"column\">\n\t\t\t<div class=\"elementor-widget-wrap elementor-element-populated\">\n\t\t\t\t\t\t<div class=\"elementor-element elementor-element-bb4f110 elementor-widget elementor-widget-text-editor\" data-id=\"bb4f110\" data-element_type=\"widget\" data-widget_type=\"text-editor.default\">\n\t\t\t\t<div class=\"elementor-widget-container\">\n\t\t\t<style>\/*! elementor - v3.21.0 - 25-04-2024 *\/\n.elementor-widget-text-editor.elementor-drop-cap-view-stacked .elementor-drop-cap{background-color:#69727d;color:#fff}.elementor-widget-text-editor.elementor-drop-cap-view-framed .elementor-drop-cap{color:#69727d;border:3px solid;background-color:transparent}.elementor-widget-text-editor:not(.elementor-drop-cap-view-default) .elementor-drop-cap{margin-top:8px}.elementor-widget-text-editor:not(.elementor-drop-cap-view-default) .elementor-drop-cap-letter{width:1em;height:1em}.elementor-widget-text-editor .elementor-drop-cap{float:left;text-align:center;line-height:1;font-size:50px}.elementor-widget-text-editor .elementor-drop-cap-letter{display:inline-block}<\/style>\t\t\t\t<h1 class=\"n\">WIDERRUFSBELEHRUNG UND -FORMULAR<\/h1><p class=\"n\">Widerrufsbelehrung<br \/>Widerrufsrecht<br \/>Sie haben das Recht, binnen vierzehn Tagen ohne Angabe von Gr\u00fcnden diesen Vertrag zu widerrufen. Die Widerrufsfrist betr\u00e4gt vierzehn Tage ab dem Tag (1). Um Ihr Widerrufsrecht auszu\u00fcben, m\u00fcssen Sie uns (2) mittels einer eindeutigen Erkl\u00e4rung (z.B. ein mit der Post versandter Brief, Telefax oder E-Mail) \u00fcber Ihren Entschluss, diesen Vertrag zu widerrufen, informieren. Sie k\u00f6nnen daf\u00fcr das beigef\u00fcgte Muster-Widerrufsformular verwenden, das jedoch nicht vorgeschrieben ist. (3) Zur Wahrung der Widerrufsfrist reicht es aus, dass Sie die Mitteilung \u00fcber die Aus\u00fcbung des Widerrufsrechts vor Ablauf der Widerrufsfrist absenden.<br \/><br \/>Folgen des Widerrufs<br \/>Wenn Sie diesen Vertrag widerrufen, haben wir Ihnen alle Zahlungen, die wir von Ihnen erhalten haben, einschlie\u00dflich der Lieferkosten (mit Ausnahme der zus\u00e4tzlichen Kosten, die sich daraus ergeben, dass Sie eine andere Art der Lieferung als die von uns angebotene, g\u00fcnstigste Standardlieferung gew\u00e4hlt haben), unverz\u00fcglich und sp\u00e4testens binnen vierzehn Tagen ab dem Tag zur\u00fcckzuzahlen, an dem die Mitteilung \u00fcber Ihren Widerruf dieses Vertrags bei uns eingegangen ist. F\u00fcr diese R\u00fcckzahlung verwenden wir dasselbe Zahlungsmittel, das Sie bei der urspr\u00fcnglichen Transaktion eingesetzt haben, es sei denn, mit Ihnen wurde ausdr\u00fccklich etwas anderes vereinbart; in keinem Fall werden Ihnen wegen dieser R\u00fcckzahlung Entgelte berechnet.(4)<\/p><p><a class=\"n\" href=\"https:\/\/www.xn--kunstzumwohlfhlen-f3b.com\/j\/shop\/withdrawalpdfdownload\">Muster-Widerrufsformular herunterladen<\/a><\/p>\t\t\t\t\t\t<\/div>\n\t\t\t\t<\/div>\n\t\t\t\t\t<\/div>\n\t\t<\/div>\n\t\t\t\t\t<\/div>\n\t\t<\/section>\n\t\t\t\t<\/div>\n\t\t","protected":false},"excerpt":{"rendered":"<p>WIDERRUFSBELEHRUNG UND -FORMULAR Widerrufsbelehrung Widerrufsrecht Sie haben das Recht, binnen vierzehn Tagen ohne Angabe von Gr\u00fcnden diesen Vertrag zu widerrufen. Die Widerrufsfrist betr\u00e4gt vierzehn Tage ab dem Tag (1). Um Ihr Widerrufsrecht auszu\u00fcben, m\u00fcssen Sie uns (2) mittels einer eindeutigen Erkl\u00e4rung (z.B. ein mit der Post versandter Brief, Telefax oder E-Mail) \u00fcber Ihren Entschluss, diesen [&hellip;]<\/p>\n","protected":false},"author":1,"featured_media":0,"parent":0,"menu_order":0,"comment_status":"closed","ping_status":"closed","template":"elementor_header_footer","meta":{"om_disable_all_campaigns":false,"_monsterinsights_skip_tracking":false,"_monsterinsights_sitenote_active":false,"_monsterinsights_sitenote_note":"","_monsterinsights_sitenote_category":0,"ocean_post_layout":"","ocean_both_sidebars_style":"","ocean_both_sidebars_content_width":0,"ocean_both_sidebars_sidebars_width":0,"ocean_sidebar":"0","ocean_second_sidebar":"0","ocean_disable_margins":"on","ocean_add_body_class":"","ocean_shortcode_before_top_bar":"","ocean_shortcode_after_top_bar":"","ocean_shortcode_before_header":"","ocean_shortcode_after_header":"","ocean_has_shortcode":"","ocean_shortcode_after_title":"","ocean_shortcode_before_footer_widgets":"","ocean_shortcode_after_footer_widgets":"","ocean_shortcode_before_footer_bottom":"","ocean_shortcode_after_footer_bottom":"","ocean_display_top_bar":"off","ocean_display_header":"on","ocean_header_style":"","ocean_center_header_left_menu":"0","ocean_custom_header_template":"0","ocean_custom_logo":0,"ocean_custom_retina_logo":0,"ocean_custom_logo_max_width":0,"ocean_custom_logo_tablet_max_width":0,"ocean_custom_logo_mobile_max_width":0,"ocean_custom_logo_max_height":0,"ocean_custom_logo_tablet_max_height":0,"ocean_custom_logo_mobile_max_height":0,"ocean_header_custom_menu":"0","ocean_menu_typo_font_family":"0","ocean_menu_typo_font_subset":"","ocean_menu_typo_font_size":0,"ocean_menu_typo_font_size_tablet":0,"ocean_menu_typo_font_size_mobile":0,"ocean_menu_typo_font_size_unit":"px","ocean_menu_typo_font_weight":"","ocean_menu_typo_font_weight_tablet":"","ocean_menu_typo_font_weight_mobile":"","ocean_menu_typo_transform":"","ocean_menu_typo_transform_tablet":"","ocean_menu_typo_transform_mobile":"","ocean_menu_typo_line_height":0,"ocean_menu_typo_line_height_tablet":0,"ocean_menu_typo_line_height_mobile":0,"ocean_menu_typo_line_height_unit":"","ocean_menu_typo_spacing":0,"ocean_menu_typo_spacing_tablet":0,"ocean_menu_typo_spacing_mobile":0,"ocean_menu_typo_spacing_unit":"","ocean_menu_link_color":"","ocean_menu_link_color_hover":"","ocean_menu_link_color_active":"","ocean_menu_link_background":"","ocean_menu_link_hover_background":"","ocean_menu_link_active_background":"","ocean_menu_social_links_bg":"","ocean_menu_social_hover_links_bg":"","ocean_menu_social_links_color":"","ocean_menu_social_hover_links_color":"","ocean_disable_title":"on","ocean_disable_heading":"default","ocean_post_title":"","ocean_post_subheading":"","ocean_post_title_style":"","ocean_post_title_background_color":"","ocean_post_title_background":0,"ocean_post_title_bg_image_position":"","ocean_post_title_bg_image_attachment":"","ocean_post_title_bg_image_repeat":"","ocean_post_title_bg_image_size":"","ocean_post_title_height":0,"ocean_post_title_bg_overlay":0.5,"ocean_post_title_bg_overlay_color":"","ocean_disable_breadcrumbs":"off","ocean_breadcrumbs_color":"","ocean_breadcrumbs_separator_color":"","ocean_breadcrumbs_links_color":"","ocean_breadcrumbs_links_hover_color":"","ocean_display_footer_widgets":"off","ocean_display_footer_bottom":"on","ocean_custom_footer_template":"0","footnotes":""},"class_list":["post-2260","page","type-page","status-publish","hentry","entry","owp-thumbs-layout-horizontal","owp-btn-normal","owp-tabs-layout-horizontal","has-no-thumbnails","has-product-nav"],"aioseo_notices":[],"yoast_head":"<!-- This site is optimized with the Yoast SEO plugin v26.5 - https:\/\/yoast.com\/wordpress\/plugins\/seo\/ -->\n<title>Widerrufsbelehrung und Formularwiederrufsrecht - kunstzumwohlf\u00fchlen.com<\/title>\n<meta name=\"robots\" content=\"index, follow, max-snippet:-1, max-image-preview:large, max-video-preview:-1\" \/>\n<link rel=\"canonical\" href=\"https:\/\/www.kunstzumwohlf\u00fchlen.com\/?page_id=2260\" \/>\n<meta property=\"og:locale\" content=\"de_DE\" \/>\n<meta property=\"og:type\" content=\"article\" \/>\n<meta property=\"og:title\" content=\"Widerrufsbelehrung und Formularwiederrufsrecht - kunstzumwohlf\u00fchlen.com\" \/>\n<meta property=\"og:description\" content=\"WIDERRUFSBELEHRUNG UND -FORMULAR Widerrufsbelehrung Widerrufsrecht Sie haben das Recht, binnen vierzehn Tagen ohne Angabe von Gr\u00fcnden diesen Vertrag zu widerrufen. Die Widerrufsfrist betr\u00e4gt vierzehn Tage ab dem Tag (1). Um Ihr Widerrufsrecht auszu\u00fcben, m\u00fcssen Sie uns (2) mittels einer eindeutigen Erkl\u00e4rung (z.B. ein mit der Post versandter Brief, Telefax oder E-Mail) \u00fcber Ihren Entschluss, diesen [&hellip;]\" \/>\n<meta property=\"og:url\" content=\"https:\/\/www.kunstzumwohlf\u00fchlen.com\/?page_id=2260\" \/>\n<meta property=\"og:site_name\" content=\"kunstzumwohlf\u00fchlen.com\" \/>\n<meta property=\"article:modified_time\" content=\"2023-02-23T10:29:08+00:00\" \/>\n<meta name=\"twitter:card\" content=\"summary_large_image\" \/>\n<meta name=\"twitter:label1\" content=\"Gesch\u00e4tzte Lesezeit\" \/>\n\t<meta name=\"twitter:data1\" content=\"2\u00a0Minuten\" \/>\n<script type=\"application\/ld+json\" class=\"yoast-schema-graph\">{\"@context\":\"https:\/\/schema.org\",\"@graph\":[{\"@type\":\"WebPage\",\"@id\":\"https:\/\/www.kunstzumwohlf\u00fchlen.com\/?page_id=2260\",\"url\":\"https:\/\/www.kunstzumwohlf\u00fchlen.com\/?page_id=2260\",\"name\":\"Widerrufsbelehrung und Formularwiederrufsrecht - kunstzumwohlf\u00fchlen.com\",\"isPartOf\":{\"@id\":\"https:\/\/www.kunstzumwohlf\u00fchlen.com\/#website\"},\"datePublished\":\"2022-12-22T13:13:21+00:00\",\"dateModified\":\"2023-02-23T10:29:08+00:00\",\"breadcrumb\":{\"@id\":\"https:\/\/www.kunstzumwohlf\u00fchlen.com\/?page_id=2260#breadcrumb\"},\"inLanguage\":\"de\",\"potentialAction\":[{\"@type\":\"ReadAction\",\"target\":[\"https:\/\/www.kunstzumwohlf\u00fchlen.com\/?page_id=2260\"]}]},{\"@type\":\"BreadcrumbList\",\"@id\":\"https:\/\/www.kunstzumwohlf\u00fchlen.com\/?page_id=2260#breadcrumb\",\"itemListElement\":[{\"@type\":\"ListItem\",\"position\":1,\"name\":\"Startseite\",\"item\":\"https:\/\/www.kunstzumwohlf\u00fchlen.com\/\"},{\"@type\":\"ListItem\",\"position\":2,\"name\":\"Widerrufsbelehrung und Formularwiederrufsrecht\"}]},{\"@type\":\"WebSite\",\"@id\":\"https:\/\/www.kunstzumwohlf\u00fchlen.com\/#website\",\"url\":\"https:\/\/www.kunstzumwohlf\u00fchlen.com\/\",\"name\":\"kunstzumwohlf\u00fchlen.com\",\"description\":\"ATMA-Art Christine Sch\u00f6lzhorn\",\"publisher\":{\"@id\":\"https:\/\/www.kunstzumwohlf\u00fchlen.com\/#organization\"},\"potentialAction\":[{\"@type\":\"SearchAction\",\"target\":{\"@type\":\"EntryPoint\",\"urlTemplate\":\"https:\/\/www.kunstzumwohlf\u00fchlen.com\/?s={search_term_string}\"},\"query-input\":{\"@type\":\"PropertyValueSpecification\",\"valueRequired\":true,\"valueName\":\"search_term_string\"}}],\"inLanguage\":\"de\"},{\"@type\":\"Organization\",\"@id\":\"https:\/\/www.kunstzumwohlf\u00fchlen.com\/#organization\",\"name\":\"kunstzumwohlf\u00fchlen.com\",\"url\":\"https:\/\/www.kunstzumwohlf\u00fchlen.com\/\",\"logo\":{\"@type\":\"ImageObject\",\"inLanguage\":\"de\",\"@id\":\"https:\/\/www.kunstzumwohlf\u00fchlen.com\/#\/schema\/logo\/image\/\",\"url\":\"https:\/\/www.kunstzumwohlf\u00fchlen.com\/wp-content\/uploads\/2023\/05\/cropped-christine_schoelzhorn_logo_webseite_icon.png\",\"contentUrl\":\"https:\/\/www.kunstzumwohlf\u00fchlen.com\/wp-content\/uploads\/2023\/05\/cropped-christine_schoelzhorn_logo_webseite_icon.png\",\"width\":2810,\"height\":2110,\"caption\":\"kunstzumwohlf\u00fchlen.com\"},\"image\":{\"@id\":\"https:\/\/www.kunstzumwohlf\u00fchlen.com\/#\/schema\/logo\/image\/\"}}]}<\/script>\n<!-- \/ Yoast SEO plugin. -->","yoast_head_json":{"title":"Widerrufsbelehrung und Formularwiederrufsrecht - kunstzumwohlf\u00fchlen.com","robots":{"index":"index","follow":"follow","max-snippet":"max-snippet:-1","max-image-preview":"max-image-preview:large","max-video-preview":"max-video-preview:-1"},"canonical":"https:\/\/www.kunstzumwohlf\u00fchlen.com\/?page_id=2260","og_locale":"de_DE","og_type":"article","og_title":"Widerrufsbelehrung und Formularwiederrufsrecht - kunstzumwohlf\u00fchlen.com","og_description":"WIDERRUFSBELEHRUNG UND -FORMULAR Widerrufsbelehrung Widerrufsrecht Sie haben das Recht, binnen vierzehn Tagen ohne Angabe von Gr\u00fcnden diesen Vertrag zu widerrufen. Die Widerrufsfrist betr\u00e4gt vierzehn Tage ab dem Tag (1). Um Ihr Widerrufsrecht auszu\u00fcben, m\u00fcssen Sie uns (2) mittels einer eindeutigen Erkl\u00e4rung (z.B. ein mit der Post versandter Brief, Telefax oder E-Mail) \u00fcber Ihren Entschluss, diesen [&hellip;]","og_url":"https:\/\/www.kunstzumwohlf\u00fchlen.com\/?page_id=2260","og_site_name":"kunstzumwohlf\u00fchlen.com","article_modified_time":"2023-02-23T10:29:08+00:00","twitter_card":"summary_large_image","twitter_misc":{"Gesch\u00e4tzte Lesezeit":"2\u00a0Minuten"},"schema":{"@context":"https:\/\/schema.org","@graph":[{"@type":"WebPage","@id":"https:\/\/www.kunstzumwohlf\u00fchlen.com\/?page_id=2260","url":"https:\/\/www.kunstzumwohlf\u00fchlen.com\/?page_id=2260","name":"Widerrufsbelehrung und Formularwiederrufsrecht - kunstzumwohlf\u00fchlen.com","isPartOf":{"@id":"https:\/\/www.kunstzumwohlf\u00fchlen.com\/#website"},"datePublished":"2022-12-22T13:13:21+00:00","dateModified":"2023-02-23T10:29:08+00:00","breadcrumb":{"@id":"https:\/\/www.kunstzumwohlf\u00fchlen.com\/?page_id=2260#breadcrumb"},"inLanguage":"de","potentialAction":[{"@type":"ReadAction","target":["https:\/\/www.kunstzumwohlf\u00fchlen.com\/?page_id=2260"]}]},{"@type":"BreadcrumbList","@id":"https:\/\/www.kunstzumwohlf\u00fchlen.com\/?page_id=2260#breadcrumb","itemListElement":[{"@type":"ListItem","position":1,"name":"Startseite","item":"https:\/\/www.kunstzumwohlf\u00fchlen.com\/"},{"@type":"ListItem","position":2,"name":"Widerrufsbelehrung und Formularwiederrufsrecht"}]},{"@type":"WebSite","@id":"https:\/\/www.kunstzumwohlf\u00fchlen.com\/#website","url":"https:\/\/www.kunstzumwohlf\u00fchlen.com\/","name":"kunstzumwohlf\u00fchlen.com","description":"ATMA-Art Christine Sch\u00f6lzhorn","publisher":{"@id":"https:\/\/www.kunstzumwohlf\u00fchlen.com\/#organization"},"potentialAction":[{"@type":"SearchAction","target":{"@type":"EntryPoint","urlTemplate":"https:\/\/www.kunstzumwohlf\u00fchlen.com\/?s={search_term_string}"},"query-input":{"@type":"PropertyValueSpecification","valueRequired":true,"valueName":"search_term_string"}}],"inLanguage":"de"},{"@type":"Organization","@id":"https:\/\/www.kunstzumwohlf\u00fchlen.com\/#organization","name":"kunstzumwohlf\u00fchlen.com","url":"https:\/\/www.kunstzumwohlf\u00fchlen.com\/","logo":{"@type":"ImageObject","inLanguage":"de","@id":"https:\/\/www.kunstzumwohlf\u00fchlen.com\/#\/schema\/logo\/image\/","url":"https:\/\/www.kunstzumwohlf\u00fchlen.com\/wp-content\/uploads\/2023\/05\/cropped-christine_schoelzhorn_logo_webseite_icon.png","contentUrl":"https:\/\/www.kunstzumwohlf\u00fchlen.com\/wp-content\/uploads\/2023\/05\/cropped-christine_schoelzhorn_logo_webseite_icon.png","width":2810,"height":2110,"caption":"kunstzumwohlf\u00fchlen.com"},"image":{"@id":"https:\/\/www.kunstzumwohlf\u00fchlen.com\/#\/schema\/logo\/image\/"}}]}},"jetpack_sharing_enabled":true,"_links":{"self":[{"href":"https:\/\/www.kunstzumwohlf\u00fchlen.com\/index.php?rest_route=\/wp\/v2\/pages\/2260","targetHints":{"allow":["GET"]}}],"collection":[{"href":"https:\/\/www.kunstzumwohlf\u00fchlen.com\/index.php?rest_route=\/wp\/v2\/pages"}],"about":[{"href":"https:\/\/www.kunstzumwohlf\u00fchlen.com\/index.php?rest_route=\/wp\/v2\/types\/page"}],"author":[{"embeddable":true,"href":"https:\/\/www.kunstzumwohlf\u00fchlen.com\/index.php?rest_route=\/wp\/v2\/users\/1"}],"replies":[{"embeddable":true,"href":"https:\/\/www.kunstzumwohlf\u00fchlen.com\/index.php?rest_route=%2Fwp%2Fv2%2Fcomments&post=2260"}],"version-history":[{"count":9,"href":"https:\/\/www.kunstzumwohlf\u00fchlen.com\/index.php?rest_route=\/wp\/v2\/pages\/2260\/revisions"}],"predecessor-version":[{"id":3684,"href":"https:\/\/www.kunstzumwohlf\u00fchlen.com\/index.php?rest_route=\/wp\/v2\/pages\/2260\/revisions\/3684"}],"wp:attachment":[{"href":"https:\/\/www.kunstzumwohlf\u00fchlen.com\/index.php?rest_route=%2Fwp%2Fv2%2Fmedia&parent=2260"}],"curies":[{"name":"wp","href":"https:\/\/api.w.org\/{rel}","templated":true}]}}